base 9.
-127431
What is -183762 (base 9) in base 14?
-2d959
-13000453 (base 6) to base 9
-710216
Convert -10110110010011100001111 (base 2) to base 9.
-12214427
What is -5133041 (base 10) in base 13?
-10a9504
-135153 (base 6) to base 12
-74b9
22220321 (base 4) to base 13
16ab1
250234021 (base 6) to base 16
48ecdd
Convert -895551 (base 10) to base 4.
-3122220333
-21dad9 (base 14) to base 5
-243330022
Convert 102040b (base 13) to base 11.
2836982
Convert 5d0c2 (base 14) to base 7.
1636332
What is 146905 (base 11) in base 5?
24304240
What is -20000120012122 (base 3) in base 2?
-1100001101001011110101
What is 1437642 (base 8) in base 2?
1100011111110100010
What is -2433117 (base 9) in base 2?
-101000010100001010101
Convert 4bb54 (base 13) to base 14.
39203
What is 9ed1c5 (base 16) in base 10?
10408389
What is -123db96 (base 14) in base 15?
-b8012c
-2115245 (base 6) to base 8
-312215
-619090 (base 11) to base 15
-14936a
Convert -12a8485 (base 12) to base 2.
-1110001000101010100101
What is -18000a9 (base 12) in base 4?
-102333002001
600834 (base 10) to base 8
2225402
What is 21103200333 (base 4) in base 6?
124140423
4141111012 (base 5) to base 13
19cab98
360009 (base 11) to base 13
16cb99
93bbd (base 14) to base 3
200002202021
Convert -4354480 (base 9) to base 4.
-20323003110
-130310020 (base 4) to base 15
-24e84
Convert 12333214 (base 5) to base 6.
2332243
What is -1718c2b (base 14) in base 13?
-2478473
What is -1101010011100101 (base 2) in base 4?
-31103211
What is 464a98 (base 13) in base 4?
12113001011
Convert -2218825 (base 12) to base 16.
-63439d
-286063 (base 9) to base 6
-3430133
Convert 398ab (base 13) to base 4.
122013011
What is -23566217 (base 9) in base 14?
-1754a76
Convert 10101103 (base 7) to base 12.
346661
What is a5566 (base 12) in base 5?
23414143
-2221010100220 (base 3) to base 8
-5741643
What is -204504552 (base 6) in base 12?
-124b158
2222a14 (base 12) to base 11
3750641
-317779 (base 11) to base 3
-221210220110
Convert -1ba31bb (base 12) to base 14.
-b07379
What is -130435 (base 8) in base 6?
-545525
What is -101101100101101111110 (base 2) in base 9?
-2726203
Convert -1817fd (base 16) to base 2.
-110000001011111111101
12835703 (base 9) to base 16
60c5fd
Convert 28884 (base 13) to base 9.
125420
What is 26897 (base 15) in base 9?
207287
-21211120202 (base 3) to base 7
-1211456
What is -1010001011000111 (base 2) in base 10?
-41671
Convert -21331331122 (base 4) to base 16.
-27df5a
33101233 (base 5) to base 12
118820
What is 2011314 (base 5) in base 6?
404312
Convert 400034212 (base 6) to base 7.
111101306
18880 (base 15) to base 14
20dbb
What is 1414368 (base 12) in base 10?
4009472
What is d746 (base 15) in base 16?
b1cc
What is -58e70 (base 16) in base 2?
-1011000111001110000
What is -3784104 (base 9) in base 5?
-1012010110
-10101110101010010011 (base 2) to base 5
-140343121
12b44b0 (base 13) to base 4
112132300311
Convert 132331123330 (base 4) to base 13.
18b215c
12221212102202 (base 3) to base 9
5855382
161425 (base 8) to base 4
32030111
-1415515 (base 6) to base 15
-18c02
What is 2172672 (base 8) in base 15?
b8eb4
What is 112422 (base 10) in base 12?
55086
What is -10001001000011110000 (base 2) in base 16?
-890f0
-20698 (base 12) to base 4
-22113110
What is 26495 (base 13) in base 6?
1305102
-6440001 (base 10) to base 2
-11000100100010001000001
What is 372677 (base 9) in base 4?
312331000
Convert -32035503 (base 6) to base 10.
-938271
What is -751dc7 (base 14) in base 6?
-220532015
220250 (base 7) to base 11
26a65
-222033012 (base 4) to base 11
-108a81
111112011001 (base 3) to base 8
1007722
What is -aa26 (base 11) in base 9?
-21854
Convert 423004434 (base 6) to base 5.
3344404314
-2c4b006 (base 13) to base 2
-110110010110011001111111
10200142 (base 5) to base 6
1450502
Convert -4ca (base 13) to base 14.
-442
What is 284350 (base 9) in base 7?
1322451
Convert 48302 (base 13) to base 6.
2500345
What is -a7619 (base 11) in base 7?
-1221122
Convert -13b8ce (base 15) to base 12.
-399b95
Convert -4bc92e (base 16) to base 14.
-934046
Convert 104214233 (base 5) to base 8.
1603430
Convert 92ba75 (base 12) to base 11.
1332170
-1440341204 (base 5) to base 7
-44432600
What is 1101101000001 (base 3) in base 4?
2303211022
-38566 (base 15) to base 13
-63c87
-11442072 (base 8) to base 16
-26443a
-514742 (base 8) to base 5
-20423331
Convert 39028 (base 12) to base 5.
4442132
What is -1442a5 (base 11) in base 3?
-102110001022
What is 32540432 (base 6) in base 7?
11210261
What is -1040100 (base 5) in base 7?
-103626
525611 (base 9) to base 4
1030102330
Convert -110011000020102 (base 3) to base 4.
-120220032011
1236536 (base 8) to base 9
573034
What is -2a33b4b (base 12) in base 10?
-8529323
Convert -6573405 (base 9) to base 7.
-42011231
What is -10000100111011000 (base 2) in base 14?
-1ab32
What is 1222 (base 3) in base 8?
65
Convert 12110201211021 (base 3) to base 9.
5421737
What is -4140c8 (base 16) in base 3?
-22001021011002
-75102657 (base 8) to base 6
-1331245503
-212012021222 (base 3) to base 14
-bc561
65003322 (base 7) to base 3
101101222200120
What is -22012201022 (base 3) in base 16?
-2775e
-10122212221 (base 3) to base 11
-4a185
What is a52ba2 (base 12) in base 2?
1001111010000100101010
-2560310 (base 7) to base 8
-1214105
Convert 1308984 (base 10) to base 6.
44020040
-26126523 (base 7) to base 8
-11042315
What is 101011010000101101111010 (base 2) in base 6?
1043023030
Convert 35503603 (base 7) to base 10.
3144235
5333352 (base 6) to base 12
107258
Convert 533bd (base 15) to base 11.
170474
What is -2654735 (base 10) in base 15?
-3768c5
-304435 (base 12) to base 11
-475568
Convert 128a22 (base 11) to base 8.
612747
Convert -2d05d (base 14) to base 4.
-123133023
Convert -1515470 (base 11) to base 13.
-6cca9c
Convert -6266638 (base 11) to base 14.
-1678399
-16a1414 (base 12) to base 13
-c8216b
Convert 10547146 (base 8) to base 4.
20230321212
What is -33422132 (base 6) in base 14?
-1c573a
What is -1100010010001000111 (base 2) in base 12?
-174b1b
-19481 (base 11) to base 6
-325521
What is -211231031 (base 4) in base 2?
-100101101101001101
Convert 1a2a57 (base 12) to base 13.
131b96
440013 (base 6) to base 10
36297
2673726 (base 8) to base 12
302b32
What is -2735951 (base 10) in base 16?
-29bf4f
-1bb1c (base 15) to base 10
-90252
Convert -5840b3 (base 12) to base 13.
-3a8024
What is -1011000111110100100 (base 2) in base 4?
-1120332210
What is -523775 (base 11) in base 9?
-1518462
Convert -142440 (base 5) to base 11.
-4560
Convert -58c (base 16) to base 11.
-1081
-62666 (base 15) to base 11
-1a3408
Convert 328a4 (base 14) to base 4.
131321100
Convert 2212222111 (base 3) to base 14.
16a08
What is 2430031 (base 6) in base 4?
133111003
What is 10011100011110101011 (base 2) in base 8?
2343653
-12323423 (base 7) to base 3
-2002122220122
Convert 808479 (base 10) to base 15.
10e839
Convert 142854 (base 13) to base 14.
cb0c8
Convert -884448 (base 10) to base 7.
-10342365
194aa73 (base 13) to base 12
2946b78
11110011101010011 (base 2) to base 7
1026501
What is -520356 (base 11) in base 5?
-203204321
What is 30140041 (base 6) in base 7?
10151164
What is 373572 (base 8) in base 14?
34d86
What is -12264353 (base 7) in base 14?
-20bd2a
Convert -12120200020011 (base 3) to base 15.
-3d8b0d
Convert -c55e (base 16) to base 14.
-145b0
Convert -534b3e (base 15) to base 16.
-3c7f70
Convert -1a405 (base 12) to base 8.
-113305
Convert 11644026 (base 7) to base 12.
429486
-663671 (base 8) to base 9
-370106
Convert -106924 (base 10) to base 7.
-623506
1c290 (base 15) to base 7
531243
Convert 1213051 (base 11) to base 16.
203b61
-57347 (base 11) to base 15
-19891
Convert 42460266 (base 7) to base 15.
4b5000
Convert -38dc (base 16) to base 14.
-543a
What is 1442633 (base 12) in base 11?
23298a1
Convert 49174 (base 11) to base 12.
34b35
109100 (base 10) to base 4
122220230
1c04 (base 14) to base 7
20604
3226a2 (base 13) to base 6
41114541
Convert 68814 (base 14) to base 6.
5240030
What is -442550322 (base 6) in base 13?
-1863b27
923452 (base 12) to base 8
10562276
Convert 12246a0 (base 12) to base 7.
42013224
Convert 9c3c33 (base 14) to base 8.
24207045
Convert 832cc (base 16) to base 12.
21ab24
Convert -1118022 (base 9) to base 10.
-602903
-101011000111111 (ba